f 1072 and 48?
16
What is the highest common divisor of 29 and 464?
29
Calculate the highest common divisor of 31 and 1.
1
Calculate the highest common divisor of 561 and 2193.
51
What is the highest common factor of 380 and 16910?
190
What is the greatest common factor of 1375 and 14500?
125
Calculate the highest common factor of 54 and 486.
54
What is the greatest common factor of 7654 and 178?
178
What is the greatest common factor of 994 and 14?
14
Calculate the highest common divisor of 304 and 228.
76
Calculate the greatest common divisor of 1071 and 63.
63
What is the highest common divisor of 77 and 28?
7
Calculate the highest common factor of 5768 and 224.
56
What is the highest common factor of 4062 and 12?
6
Calculate the greatest common factor of 7 and 77.
7
Calculate the highest common factor of 2856 and 392.
56
What is the greatest common factor of 11398 and 410?
82
What is the highest common divisor of 621 and 3657?
69
What is the highest common factor of 36 and 48?
12
What is the highest common factor of 2875 and 230?
115
What is the highest common factor of 600 and 66?
6
What is the highest common divisor of 54 and 22599?
27
What is the highest common divisor of 74 and 407?
37
What is the greatest common factor of 16 and 50816?
16
What is the highest common factor of 164 and 3034?
82
Calculate the greatest common divisor of 22 and 110.
22
Calculate the greatest common factor of 133 and 19.
19
Calculate the greatest common factor of 10 and 2410.
10
What is the greatest common divisor of 4 and 414?
2
What is the greatest common divisor of 1403 and 183?
61
Calculate the highest common factor of 6 and 147.
3
Calculate the greatest common divisor of 42 and 186.
6
What is the greatest common divisor of 140 and 126?
14
Calculate the greatest common divisor of 42 and 17220.
42
What is the highest common factor of 6 and 99?
3
Calculate the highest common divisor of 609 and 261.
87
What is the greatest common factor of 224 and 42?
14
What is the greatest common factor of 969 and 57?
57
What is the greatest common factor of 20 and 30?
10
What is the greatest common divisor of 196 and 637?
49
Calculate the greatest common factor of 8128 and 127.
127
What is the greatest common factor of 27 and 45?
9
Calculate the highest common divisor of 234 and 618.
6
What is the greatest common divisor of 50 and 20?
10
Calculate the greatest common factor of 93 and 651.
93
What is the highest common factor of 27 and 39?
3
Calculate the highest common factor of 102 and 357.
51
Calculate the highest common factor of 462 and 2178.
66
What is the greatest common divisor of 5324 and 132?
44
What is the greatest common factor of 21 and 1757?
7
Calculate the highest common divisor of 6 and 478.
2
What is the highest common factor of 540 and 297?
27
What is the highest common divisor of 165 and 66?
33
What is the greatest common divisor of 1098 and 72?
18
Calculate the highest common divisor of 92 and 2852.
92
Calculate the highest common factor of 36 and 2532.
12
What is the highest common divisor of 136 and 374?
34
What is the highest common factor of 57 and 20729?
19
What is the greatest common divisor of 2839 and 340?
17
What is the highest common divisor of 2573 and 83?
83
What is the highest common factor of 10 and 10490?
10
What is the highest common divisor of 246 and 8446?
82
Calculate the highest common divisor of 22 and 482.
2
What is the highest common divisor of 3540 and 24?
12
Calculate the highest common factor of 3040 and 19.
19
What is the greatest common divisor of 67 and 536?
67
Calculate the highest common factor of 24 and 3984.
24
What is the highest common factor of 36 and 3708?
36
What is the highest common divisor of 732 and 24?
12
What is the greatest common divisor of 32 and 304?
16
Calculate the greatest common factor of 220 and 46420.
220
Calculate the highest common divisor of 125 and 40.
5
Calculate the highest common divisor of 14694 and 372.
186
Calculate the highest common factor of 5920 and 80.
80
What is the highest common factor of 1879 and 2?
1
Calculate the greatest common factor of 209 and 57.
19
Calculate the highest common factor of 26 and 13.
13
What is the highest common divisor of 116 and 20?
4
What is the highest common factor of 8 and 112?
8
Calculate the highest common factor of 166 and 498.
166
What is the greatest common divisor of 35 and 560?
35
What is the greatest common divisor of 48 and 16776?
24
What is the greatest common divisor of 756 and 108?
108
Calculate the greatest common factor of 320 and 180.
20
Calculate the greatest common divisor of 902 and 2173.
41
Calculate the greatest common divisor of 20 and 52.
4
What is the greatest common divisor of 330 and 8030?
110
Calculate the highest common divisor of 3032 and 24.
8
Calculate the greatest common divisor of 2988 and 117.
9
Calculate the highest common divisor of 140 and 28.
28
What is the highest common divisor of 3885 and 296?
37
Calculate the highest common divisor of 16 and 176.
16
Calculate the highest common factor of 48 and 9.
3
Calculate the greatest common divisor of 38 and 38.
38
Calculate the highest common divisor of 366 and 6.
6
What is the greatest common factor of 8 and 7804?
4
Calculate the greatest common divisor of 57 and 171.
57
Calculate the highest common divisor of 11 and 3025.
11
What is the greatest common factor of 14014 and 154?
154
Calculate the highest common divisor of 4 and 7.
1
Calculate the greatest common divisor of 413 and 7.
7
Calculate the greatest common divisor of 28 and 21.
7
Calculate the greatest common factor of 26 and 1222.
26
Calculate the greatest common divisor of 36 and 66.
6
What is the greatest common factor of 32 and 784?
16
Calculate the greatest common divisor of 343 and 196.
49
What is the greatest common divisor of 3 and 89?
1
Calculate the greatest common divisor of 190 and 130.
10
Calculate the highest common divisor of 154 and 910.
14
Calculate the greatest common divisor of 117 and 13.
13
Calculate the greatest common factor of 56 and 196.
28
What is the greatest common divisor of 74428 and 92?
92
Calculate the highest common factor of 444 and 15.
3
Calculate the greatest common factor of 238 and 70.
14
What is the highest common divisor of 11 and 27?
1
Calculate the greatest common factor of 9513 and 504.
63
What is the highest common factor of 3165 and 195?
15
Calculate the highest common divisor of 1360 and 1530.
170
Calculate the highest common factor of 16 and 784.
16
What is the highest common divisor of 286 and 52?
26
What is the highest common factor of 592 and 224?
16
What is the highest common factor of 12 and 2028?
12
Calculate the highest common divisor of 2 and 122.
2
Calculate the highest common factor of 874 and 152.
38
Calculate the greatest common divisor of 38 and 646.
38
Calculate the greatest common factor of 4 and 76.
4
What is the greatest common factor of 43 and 344?
43
What is the highest common divisor of 3240 and 2016?
72
Calculate the highest common divisor of 152 and 16.
8
Calculate the greatest common factor of 47974 and 332.
166
Calculate the greatest common divisor of 737 and 1072.
67
What is the greatest common divisor of 100 and 350?
50
What is the highest common factor of 29 and 149?
1
What is the greatest common factor of 198 and 88?
22
What is the highest common factor of 123 and 18573?
123
Calculate the greatest common factor of 24128 and 78.
26
Calculate the highest common divisor of 928 and 32.
32
Calculate the highest common factor of 30 and 15.
15
Calculate the highest common divisor of 5047 and 7.
7
What is the highest common factor of 33 and 1441?
11
Calculate the highest common factor of 231 and 42.
21
What is the greatest common divisor of 120 and 180?
60
What is the greatest common factor of 40 and 1280?
40
What is the highest common factor of 117 and 143?
13
Calculate the greatest common factor of 1050 and 5.
5
Calculate the highest common divisor of 2147 and 38.
19
What is the highest common factor of 76 and 3059?
19
What is the highest common divisor of 1463 and 3857?
133
Calculate the highest common divisor of 189 and 133.
7
What is the highest common divisor of 2546 and 342?
38
What is the greatest common factor of 18 and 4455?
9
What is